{"id":58833,"date":"2023-04-18T05:55:19","date_gmt":"2023-04-18T05:55:19","guid":{"rendered":"https:\/\/www.rent.is\/our-campers\/dacia-duster-4x4-tienda-de-techo\/"},"modified":"2024-09-02T15:46:44","modified_gmt":"2024-09-02T15:46:44","slug":"dacia-duster-4x4-tienda-de-techo","status":"publish","type":"vehicle-class","link":"https:\/\/www.rent.is\/es\/our-campers\/dacia-duster-4x4-tienda-de-techo\/","title":{"rendered":"Dacia Duster 4&#215;4 Tienda de techo"},"content":{"rendered":"\n<p>Bien Equipado Camper 4&#215;4 Con Tienda De Techo<\/p>\n","protected":false},"excerpt":{"rendered":"<p>Bien Equipado Camper 4&#215;4 Con Tienda De Techo<\/p>\n","protected":false},"author":1,"featured_media":69016,"menu_order":0,"template":"","format":"standard","meta":{"_acf_changed":false,"footnotes":""},"categories":[420],"tags":[],"class_list":["post-58833","vehicle-class","type-vehicle-class","status-publish","format-standard","has-post-thumbnail","hentry","category-sin-categorizar"],"acf":[],"yoast_head":"<!-- This site is optimized with the Yoast SEO plugin v26.4 - https:\/\/yoast.com\/wordpress\/plugins\/seo\/ -->\n<title>Dacia Duster 4x4 Tienda de techo | Rent.is<\/title>\n<meta name=\"description\" content=\"El Dacia Duster 4\u00d74 es una muy buena opci\u00f3n para quienes deseen explorar las Tierras Altas (Highlands) de forma \u00fanica!\" \/>\n<meta name=\"robots\" content=\"index, follow, max-snippet:-1, max-image-preview:large, max-video-preview:-1\" \/>\n<link rel=\"canonical\" href=\"https:\/\/www.rent.is\/es\/our-campers\/dacia-duster-4x4-tienda-de-techo\/\" \/>\n<meta property=\"og:locale\" content=\"es_ES\" \/>\n<meta property=\"og:type\" content=\"article\" \/>\n<meta property=\"og:title\" content=\"Dacia Duster 4x4 Tienda de techo | Rent.is\" \/>\n<meta property=\"og:description\" content=\"El Dacia Duster 4\u00d74 es una muy buena opci\u00f3n para quienes deseen explorar las Tierras Altas (Highlands) de forma \u00fanica!\" \/>\n<meta property=\"og:url\" content=\"https:\/\/www.rent.is\/es\/our-campers\/dacia-duster-4x4-tienda-de-techo\/\" \/>\n<meta property=\"og:site_name\" content=\"Rent.is\" \/>\n<meta property=\"article:publisher\" content=\"https:\/\/www.facebook.com\/campervansIceland\/\" \/>\n<meta property=\"article:modified_time\" content=\"2024-09-02T15:46:44+00:00\" \/>\n<meta property=\"og:image\" content=\"https:\/\/www.rent.is\/wp-content\/uploads\/2023\/04\/Rent-Dacia-Duster-Rooftoptent.webp\" \/>\n\t<meta property=\"og:image:width\" content=\"800\" \/>\n\t<meta property=\"og:image:height\" content=\"530\" \/>\n\t<meta property=\"og:image:type\" content=\"image\/webp\" \/>\n<meta name=\"twitter:card\" content=\"summary_large_image\" \/>\n<meta name=\"twitter:site\" content=\"@CampersIceland\" \/>\n<script type=\"application\/ld+json\" class=\"yoast-schema-graph\">{\"@context\":\"https:\/\/schema.org\",\"@graph\":[{\"@type\":\"WebPage\",\"@id\":\"https:\/\/www.rent.is\/es\/our-campers\/dacia-duster-4x4-tienda-de-techo\/\",\"url\":\"https:\/\/www.rent.is\/es\/our-campers\/dacia-duster-4x4-tienda-de-techo\/\",\"name\":\"Dacia Duster 4x4 Tienda de techo | Rent.is\",\"isPartOf\":{\"@id\":\"https:\/\/www.rent.is\/es\/#website\"},\"primaryImageOfPage\":{\"@id\":\"https:\/\/www.rent.is\/es\/our-campers\/dacia-duster-4x4-tienda-de-techo\/#primaryimage\"},\"image\":{\"@id\":\"https:\/\/www.rent.is\/es\/our-campers\/dacia-duster-4x4-tienda-de-techo\/#primaryimage\"},\"thumbnailUrl\":\"https:\/\/www.rent.is\/wp-content\/uploads\/2023\/04\/Rent-Dacia-Duster-Rooftoptent.webp\",\"datePublished\":\"2023-04-18T05:55:19+00:00\",\"dateModified\":\"2024-09-02T15:46:44+00:00\",\"description\":\"El Dacia Duster 4\u00d74 es una muy buena opci\u00f3n para quienes deseen explorar las Tierras Altas (Highlands) de forma \u00fanica!\",\"inLanguage\":\"es\",\"potentialAction\":[{\"@type\":\"ReadAction\",\"target\":[\"https:\/\/www.rent.is\/es\/our-campers\/dacia-duster-4x4-tienda-de-techo\/\"]}]},{\"@type\":\"ImageObject\",\"inLanguage\":\"es\",\"@id\":\"https:\/\/www.rent.is\/es\/our-campers\/dacia-duster-4x4-tienda-de-techo\/#primaryimage\",\"url\":\"https:\/\/www.rent.is\/wp-content\/uploads\/2023\/04\/Rent-Dacia-Duster-Rooftoptent.webp\",\"contentUrl\":\"https:\/\/www.rent.is\/wp-content\/uploads\/2023\/04\/Rent-Dacia-Duster-Rooftoptent.webp\",\"width\":800,\"height\":530},{\"@type\":\"WebSite\",\"@id\":\"https:\/\/www.rent.is\/es\/#website\",\"url\":\"https:\/\/www.rent.is\/es\/\",\"name\":\"Rent.is\",\"description\":\"Camper Van Iceland - Rent a camper, RV, or Motorhome\",\"publisher\":{\"@id\":\"https:\/\/www.rent.is\/es\/#organization\"},\"alternateName\":\"Rent\",\"potentialAction\":[{\"@type\":\"SearchAction\",\"target\":{\"@type\":\"EntryPoint\",\"urlTemplate\":\"https:\/\/www.rent.is\/es\/?s={search_term_string}\"},\"query-input\":{\"@type\":\"PropertyValueSpecification\",\"valueRequired\":true,\"valueName\":\"search_term_string\"}}],\"inLanguage\":\"es\"},{\"@type\":\"Organization\",\"@id\":\"https:\/\/www.rent.is\/es\/#organization\",\"name\":\"Rent\",\"alternateName\":\"Rent Campervan Iceland\",\"url\":\"https:\/\/www.rent.is\/es\/\",\"logo\":{\"@type\":\"ImageObject\",\"inLanguage\":\"es\",\"@id\":\"https:\/\/www.rent.is\/es\/#\/schema\/logo\/image\/\",\"url\":\"https:\/\/www.rent.is\/wp-content\/uploads\/2023\/06\/Rent-logo__blue.svg\",\"contentUrl\":\"https:\/\/www.rent.is\/wp-content\/uploads\/2023\/06\/Rent-logo__blue.svg\",\"caption\":\"Rent\"},\"image\":{\"@id\":\"https:\/\/www.rent.is\/es\/#\/schema\/logo\/image\/\"},\"sameAs\":[\"https:\/\/www.facebook.com\/campervansIceland\/\",\"https:\/\/x.com\/CampersIceland\"]}]}<\/script>\n<!-- \/ Yoast SEO plugin. -->","yoast_head_json":{"title":"Dacia Duster 4x4 Tienda de techo | Rent.is","description":"El Dacia Duster 4\u00d74 es una muy buena opci\u00f3n para quienes deseen explorar las Tierras Altas (Highlands) de forma \u00fanica!","robots":{"index":"index","follow":"follow","max-snippet":"max-snippet:-1","max-image-preview":"max-image-preview:large","max-video-preview":"max-video-preview:-1"},"canonical":"https:\/\/www.rent.is\/es\/our-campers\/dacia-duster-4x4-tienda-de-techo\/","og_locale":"es_ES","og_type":"article","og_title":"Dacia Duster 4x4 Tienda de techo | Rent.is","og_description":"El Dacia Duster 4\u00d74 es una muy buena opci\u00f3n para quienes deseen explorar las Tierras Altas (Highlands) de forma \u00fanica!","og_url":"https:\/\/www.rent.is\/es\/our-campers\/dacia-duster-4x4-tienda-de-techo\/","og_site_name":"Rent.is","article_publisher":"https:\/\/www.facebook.com\/campervansIceland\/","article_modified_time":"2024-09-02T15:46:44+00:00","og_image":[{"width":800,"height":530,"url":"https:\/\/www.rent.is\/wp-content\/uploads\/2023\/04\/Rent-Dacia-Duster-Rooftoptent.webp","type":"image\/webp"}],"twitter_card":"summary_large_image","twitter_site":"@CampersIceland","schema":{"@context":"https:\/\/schema.org","@graph":[{"@type":"WebPage","@id":"https:\/\/www.rent.is\/es\/our-campers\/dacia-duster-4x4-tienda-de-techo\/","url":"https:\/\/www.rent.is\/es\/our-campers\/dacia-duster-4x4-tienda-de-techo\/","name":"Dacia Duster 4x4 Tienda de techo | Rent.is","isPartOf":{"@id":"https:\/\/www.rent.is\/es\/#website"},"primaryImageOfPage":{"@id":"https:\/\/www.rent.is\/es\/our-campers\/dacia-duster-4x4-tienda-de-techo\/#primaryimage"},"image":{"@id":"https:\/\/www.rent.is\/es\/our-campers\/dacia-duster-4x4-tienda-de-techo\/#primaryimage"},"thumbnailUrl":"https:\/\/www.rent.is\/wp-content\/uploads\/2023\/04\/Rent-Dacia-Duster-Rooftoptent.webp","datePublished":"2023-04-18T05:55:19+00:00","dateModified":"2024-09-02T15:46:44+00:00","description":"El Dacia Duster 4\u00d74 es una muy buena opci\u00f3n para quienes deseen explorar las Tierras Altas (Highlands) de forma \u00fanica!","inLanguage":"es","potentialAction":[{"@type":"ReadAction","target":["https:\/\/www.rent.is\/es\/our-campers\/dacia-duster-4x4-tienda-de-techo\/"]}]},{"@type":"ImageObject","inLanguage":"es","@id":"https:\/\/www.rent.is\/es\/our-campers\/dacia-duster-4x4-tienda-de-techo\/#primaryimage","url":"https:\/\/www.rent.is\/wp-content\/uploads\/2023\/04\/Rent-Dacia-Duster-Rooftoptent.webp","contentUrl":"https:\/\/www.rent.is\/wp-content\/uploads\/2023\/04\/Rent-Dacia-Duster-Rooftoptent.webp","width":800,"height":530},{"@type":"WebSite","@id":"https:\/\/www.rent.is\/es\/#website","url":"https:\/\/www.rent.is\/es\/","name":"Rent.is","description":"Camper Van Iceland - Rent a camper, RV, or Motorhome","publisher":{"@id":"https:\/\/www.rent.is\/es\/#organization"},"alternateName":"Rent","potentialAction":[{"@type":"SearchAction","target":{"@type":"EntryPoint","urlTemplate":"https:\/\/www.rent.is\/es\/?s={search_term_string}"},"query-input":{"@type":"PropertyValueSpecification","valueRequired":true,"valueName":"search_term_string"}}],"inLanguage":"es"},{"@type":"Organization","@id":"https:\/\/www.rent.is\/es\/#organization","name":"Rent","alternateName":"Rent Campervan Iceland","url":"https:\/\/www.rent.is\/es\/","logo":{"@type":"ImageObject","inLanguage":"es","@id":"https:\/\/www.rent.is\/es\/#\/schema\/logo\/image\/","url":"https:\/\/www.rent.is\/wp-content\/uploads\/2023\/06\/Rent-logo__blue.svg","contentUrl":"https:\/\/www.rent.is\/wp-content\/uploads\/2023\/06\/Rent-logo__blue.svg","caption":"Rent"},"image":{"@id":"https:\/\/www.rent.is\/es\/#\/schema\/logo\/image\/"},"sameAs":["https:\/\/www.facebook.com\/campervansIceland\/","https:\/\/x.com\/CampersIceland"]}]}},"_links":{"self":[{"href":"https:\/\/www.rent.is\/es\/wp-json\/wp\/v2\/vehicle-class\/58833","targetHints":{"allow":["GET"]}}],"collection":[{"href":"https:\/\/www.rent.is\/es\/wp-json\/wp\/v2\/vehicle-class"}],"about":[{"href":"https:\/\/www.rent.is\/es\/wp-json\/wp\/v2\/types\/vehicle-class"}],"author":[{"embeddable":true,"href":"https:\/\/www.rent.is\/es\/wp-json\/wp\/v2\/users\/1"}],"version-history":[{"count":0,"href":"https:\/\/www.rent.is\/es\/wp-json\/wp\/v2\/vehicle-class\/58833\/revisions"}],"wp:featuredmedia":[{"embeddable":true,"href":"https:\/\/www.rent.is\/es\/wp-json\/wp\/v2\/media\/69016"}],"wp:attachment":[{"href":"https:\/\/www.rent.is\/es\/wp-json\/wp\/v2\/media?parent=58833"}],"wp:term":[{"taxonomy":"category","embeddable":true,"href":"https:\/\/www.rent.is\/es\/wp-json\/wp\/v2\/categories?post=58833"},{"taxonomy":"post_tag","embeddable":true,"href":"https:\/\/www.rent.is\/es\/wp-json\/wp\/v2\/tags?post=58833"}],"curies":[{"name":"wp","href":"https:\/\/api.w.org\/{rel}","templated":true}]}}

<!-- This site is optimized with the Yoast SEO plugin v26.4 - https://yoast.com/wordpress/plugins/seo/ -->
<title>Dacia Duster 4x4 Tienda de techo | Rent.is</title>
<meta name="description" content="El Dacia Duster 4×4 es una muy buena opción para quienes deseen explorar las Tierras Altas (Highlands) de forma única!" />
<meta name="robots" content="index, follow, max-snippet:-1, max-image-preview:large, max-video-preview:-1" />
<link rel="canonical" href="https://www.rent.is/es/our-campers/dacia-duster-4x4-tienda-de-techo/" />
<meta property="og:locale" content="es_ES" />
<meta property="og:type" content="article" />
<meta property="og:title" content="Dacia Duster 4x4 Tienda de techo | Rent.is" />
<meta property="og:description" content="El Dacia Duster 4×4 es una muy buena opción para quienes deseen explorar las Tierras Altas (Highlands) de forma única!" />
<meta property="og:url" content="https://www.rent.is/es/our-campers/dacia-duster-4x4-tienda-de-techo/" />
<meta property="og:site_name" content="Rent.is" />
<meta property="article:publisher" content="https://www.facebook.com/campervansIceland/" />
<meta property="article:modified_time" content="2024-09-02T15:46:44+00:00" />
<meta property="og:image" content="https://www.rent.is/wp-content/uploads/2023/04/Rent-Dacia-Duster-Rooftoptent.webp" />
	<meta property="og:image:width" content="800" />
	<meta property="og:image:height" content="530" />
	<meta property="og:image:type" content="image/webp" />
<meta name="twitter:card" content="summary_large_image" />
<meta name="twitter:site" content="@CampersIceland" />
<script type="application/ld+json" class="yoast-schema-graph">{"@context":"https://schema.org","@graph":[{"@type":"WebPage","@id":"https://www.rent.is/es/our-campers/dacia-duster-4x4-tienda-de-techo/","url":"https://www.rent.is/es/our-campers/dacia-duster-4x4-tienda-de-techo/","name":"Dacia Duster 4x4 Tienda de techo | Rent.is","isPartOf":{"@id":"https://www.rent.is/es/#website"},"primaryImageOfPage":{"@id":"https://www.rent.is/es/our-campers/dacia-duster-4x4-tienda-de-techo/#primaryimage"},"image":{"@id":"https://www.rent.is/es/our-campers/dacia-duster-4x4-tienda-de-techo/#primaryimage"},"thumbnailUrl":"https://www.rent.is/wp-content/uploads/2023/04/Rent-Dacia-Duster-Rooftoptent.webp","datePublished":"2023-04-18T05:55:19+00:00","dateModified":"2024-09-02T15:46:44+00:00","description":"El Dacia Duster 4×4 es una muy buena opción para quienes deseen explorar las Tierras Altas (Highlands) de forma única!","inLanguage":"es","potentialAction":[{"@type":"ReadAction","target":["https://www.rent.is/es/our-campers/dacia-duster-4x4-tienda-de-techo/"]}]},{"@type":"ImageObject","inLanguage":"es","@id":"https://www.rent.is/es/our-campers/dacia-duster-4x4-tienda-de-techo/#primaryimage","url":"https://www.rent.is/wp-content/uploads/2023/04/Rent-Dacia-Duster-Rooftoptent.webp","contentUrl":"https://www.rent.is/wp-content/uploads/2023/04/Rent-Dacia-Duster-Rooftoptent.webp","width":800,"height":530},{"@type":"WebSite","@id":"https://www.rent.is/es/#website","url":"https://www.rent.is/es/","name":"Rent.is","description":"Camper Van Iceland - Rent a camper, RV, or Motorhome","publisher":{"@id":"https://www.rent.is/es/#organization"},"alternateName":"Rent","potentialAction":[{"@type":"SearchAction","target":{"@type":"EntryPoint","urlTemplate":"https://www.rent.is/es/?s={search_term_string}"},"query-input":{"@type":"PropertyValueSpecification","valueRequired":true,"valueName":"search_term_string"}}],"inLanguage":"es"},{"@type":"Organization","@id":"https://www.rent.is/es/#organization","name":"Rent","alternateName":"Rent Campervan Iceland","url":"https://www.rent.is/es/","logo":{"@type":"ImageObject","inLanguage":"es","@id":"https://www.rent.is/es/#/schema/logo/image/","url":"https://www.rent.is/wp-content/uploads/2023/06/Rent-logo__blue.svg","contentUrl":"https://www.rent.is/wp-content/uploads/2023/06/Rent-logo__blue.svg","caption":"Rent"},"image":{"@id":"https://www.rent.is/es/#/schema/logo/image/"},"sameAs":["https://www.facebook.com/campervansIceland/","https://x.com/CampersIceland"]}]}</script>
<!-- / Yoast SEO plugin. -->

El Dacia Duster 4×4 es una muy buena opción para quienes deseen explorar las Tierras Altas (Highlands) de forma única!
